{"id":4965,"date":"2024-10-16T10:25:11","date_gmt":"2024-10-16T08:25:11","guid":{"rendered":"https:\/\/ccoo.upv.es\/?page_id=4965"},"modified":"2024-10-16T10:25:11","modified_gmt":"2024-10-16T08:25:11","slug":"el-suprem-estima-la-demanda-de-ccoo-i-declara-indegut-descomptar-del-salari-la-quota-patronal","status":"publish","type":"page","link":"https:\/\/ccoo2-upv.webs.upv.es\/?page_id=4965","title":{"rendered":"El Suprem estima la demanda de CCOO i declara indegut descomptar del salari la quota patronal"},"content":{"rendered":"<p><strong>El Suprem estima la demanda de CCOO i declara indegut descomptar del salari la quota patronal<\/strong><\/p>\n<p>&nbsp;<\/p>\n<p>Primera sent\u00e8ncia del Tribunal Suprem que declara indegut descomptar del salari la quota patronal dels contractes \u201cMargarita Salas\u201d i \u201cMar\u00eda Zambrano\u201d<\/p>\n<p>El Tribunal Suprem (TS) estima la demanda de CCOO i estableix que als contractes \u201cMargarita Salas\u201d i \u201cMar\u00eda Zambrano\u201d no se&#8217;ls pot llevar del salari les quantitats corresponents a la quota patronal de Seguretat Social.<\/p>\n<p>&nbsp;<\/p>\n<p><a href=\"https:\/\/feccoo-madrid.org\/a0bc4ec09ee6ced28551a2a34d257d2d000063.pdf\" target=\"_blank\" rel=\"noopener\">La sent\u00e8ncia 1153\/2024 en relaci\u00f3 amb la Universitat de Valladolid<\/a>, ve a ratificar el que els Tribunals Superiors de Justicia (TSJ) auton\u00f2mics, incl\u00f2s el de Madrid, han vingut ja reconeixent enfront de la demanda formulada a les Universitats P\u00fabliques de Madrid que han operat d&#8217;igual forma (UAH, UCM, UAM i URJC).<\/p>\n<p>En principi, aquesta sent\u00e8ncia \u00e9s aplicable exclusiva per als contractes Margarita Salas o Mar\u00eda Zambrano en la Universitat de Valladolid. Cada recurs presentat per les universitats contra les sent\u00e8ncies estimat\u00f2ries del reclamat per CCOO davant els Tribunals Superiors de Just\u00edcia de cada territori ha de ser resolt ara pel TS, i els efectes de cada sent\u00e8ncia seran aplicable \u00fanicament per a les universitats afectades per aquestes den\u00fancies. Per tant, toca esperar a cadascuna de les sent\u00e8ncies del TS que resolguen els recursos de cassaci\u00f3 presentats per les universitats denunciades en cada territori, encara que l\u00f2gicament entenem que la sent\u00e8ncia del TS hauria de tenir el mateix sentit que la de la Universitat de Valladolid.<\/p>\n<p>Aquesta sent\u00e8ncia no estableix jurisprud\u00e8ncia perqu\u00e8 \u00e9s necessari que existisquen almenys dues fallades id\u00e8ntiques o an\u00e0legs. Aquesta \u00e9s la primera sent\u00e8ncia del TS que ent\u00e9n sobre aquesta q\u00fcesti\u00f3 i no pot ser m\u00e9s clara. Esperem que les restants vagen en el mateix sentit<\/p>\n<p>Tota la informaci\u00f3 a trav\u00e9s de <a href=\"https:\/\/feccoo-madrid.org\/055bd99df1c694f081d35840fefab839000063.pdf\" target=\"_blank\" rel=\"noopener\">l&#8217;enlla\u00e7 a CCOO Informa n\u00fam. 41<\/a><\/p>\n<p>Documentaci\u00f3n asociada:<\/p>\n<p><a href=\"https:\/\/feccoo-madrid.org\/a0bc4ec09ee6ced28551a2a34d257d2d000063.pdf\" target=\"_blank\" rel=\"noopener\">2024_09_19_Sentencia TS cuota social MS y MZ UVA<\/a><\/p>\n<p><a href=\"https:\/\/feccoo-madrid.org\/055bd99df1c694f081d35840fefab839000063.pdf\" target=\"_blank\" rel=\"noopener\">CCOO Informa 41_TS UVA cuota patronal MS y MZ<\/a><\/p>\n<p><a href=\"https:\/\/feccoo-madrid.org\/noticia:706039--El_Supremo_estima_la_demanda_de_CCOO_y_declara_indebido_descontar_del_salario_la_cuota_patronal&amp;opc_id=d3a4817ab66c2bfc6965099a00703b58\" target=\"_blank\" rel=\"noopener\"><img fetchpriority=\"high\" decoding=\"async\" class=\"aligncenter \" src=\"https:\/\/feccoo-madrid.org\/cd0d26950eabfd1c43fa2c81b3dcc320000063.jpg\" width=\"361\" height=\"241\" \/><\/a><\/p>\n<p><strong>El Supremo estima la demanda de CCOO y declara indebido descontar del salario la cuota patronal<\/strong><\/p>\n<p>&nbsp;<\/p>\n<p>Primera sentencia del Tribunal Supremo que declara indebido descontar del salario la cuota patronal de los contratos \u201cMargarita Salas\u201d y \u201cMar\u00eda Zambrano\u201d<\/p>\n<p>El Tribunal Supremo (TS) estima la demanda de CCOO y establece que a los contratos \u201cMargarita Salas\u201d y \u201cMar\u00eda Zambrano\u201d no se les puede detraer del salario las cantidades correspondientes a la cuota patronal de Seguridad Social.<\/p>\n<p><a href=\"https:\/\/feccoo-madrid.org\/a0bc4ec09ee6ced28551a2a34d257d2d000063.pdf\" target=\"_blank\" rel=\"noopener\">La sentencia 1153\/2024 en relaci\u00f3n con la Universidad de Valladolid<\/a>, viene a ratificar lo que los Tribunales Superiores de Justica (TSJ) auton\u00f3micos, incluido el de Madrid, han venido ya reconociendo frente a la demanda formulada a las Universidades P\u00fablicas de Madrid que han operado de igual forma (UAH, UCM, UAM y URJC).<\/p>\n<p>En principio, esta sentencia es de aplicaci\u00f3n exclusiva para los contratos Margarita Salas o Mar\u00eda Zambrano en la Universidad de Valladolid. Cada recurso presentado por las universidades contra las sentencias estimatorias de lo reclamado por CCOO ante los Tribunales Superiores de Justicia de cada territorio debe ser resuelto ahora por el TS, y los efectos de cada sentencia ser\u00e1n de aplicaci\u00f3n \u00fanicamente para las universidades afectadas por dichas denuncias. Por lo tanto, toca esperar a cada una de las sentencias del TS que resuelvan los recursos de casaci\u00f3n presentados por las universidades denunciadas en cada territorio, aunque l\u00f3gicamente entendemos que la sentencia del TS deber\u00eda tener el mismo sentido que la de la Universidad de Valladolid.<\/p>\n<p>Esta sentencia no sienta jurisprudencia porque es necesario que existan por lo menos dos fallos id\u00e9nticos o an\u00e1logos. Esta es la primera sentencia del TS que entiende sobre esta cuesti\u00f3n y no puede ser m\u00e1s clara. Esperemos que las restantes vayan en el mismo sentido<\/p>\n<p>Toda la informaci\u00f3n a trav\u00e9s del <a href=\"https:\/\/feccoo-madrid.org\/055bd99df1c694f081d35840fefab839000063.pdf\" target=\"_blank\" rel=\"noopener\">enlace a CCOO Informa n\u00ba 41<\/a><\/p>\n","protected":false},"excerpt":{"rendered":"<p>El Suprem estima la demanda de CCOO i declara indegut descomptar del salari la quota patronal &nbsp; Primera sent\u00e8ncia del [&hellip;]<\/p>\n","protected":false},"author":5,"featured_media":4966,"parent":0,"menu_order":0,"comment_status":"closed","ping_status":"closed","template":"","meta":{"site-sidebar-layout":"default","site-content-layout":"","ast-site-content-layout":"default","site-content-style":"default","site-sidebar-style":"default","ast-global-header-display":"","ast-banner-title-visibility":"","ast-main-header-display":"","ast-hfb-above-header-display":"","ast-hfb-below-header-display":"","ast-hfb-mobile-header-display":"","site-post-title":"","ast-breadcrumbs-content":"","ast-featured-img":"","footer-sml-layout":"","theme-transparent-header-meta":"default","adv-header-id-meta":"","stick-header-meta":"","header-above-stick-meta":"","header-main-stick-meta":"","header-below-stick-meta":"","astra-migrate-meta-layouts":"set","ast-page-background-enabled":"default","ast-page-background-meta":{"desktop":{"background-color":"var(--ast-global-color-5)","background-image":"","background-repeat":"repeat","background-position":"center center","background-size":"auto","background-attachment":"scroll","background-type":"","background-media":"","overlay-type":"","overlay-color":"","overlay-opacity":"","overlay-gradient":""},"tablet":{"background-color":"","background-image":"","background-repeat":"repeat","background-position":"center center","background-size":"auto","background-attachment":"scroll","background-type":"","background-media":"","overlay-type":"","overlay-color":"","overlay-opacity":"","overlay-gradient":""},"mobile":{"background-color":"","background-image":"","background-repeat":"repeat","background-position":"center center","background-size":"auto","background-attachment":"scroll","background-type":"","background-media":"","overlay-type":"","overlay-color":"","overlay-opacity":"","overlay-gradient":""}},"ast-content-background-meta":{"desktop":{"background-color":"var(--ast-global-color-4)","background-image":"","background-repeat":"repeat","background-position":"center center","background-size":"auto","background-attachment":"scroll","background-type":"","background-media":"","overlay-type":"","overlay-color":"","overlay-opacity":"","overlay-gradient":""},"tablet":{"background-color":"var(--ast-global-color-4)","background-image":"","background-repeat":"repeat","background-position":"center center","background-size":"auto","background-attachment":"scroll","background-type":"","background-media":"","overlay-type":"","overlay-color":"","overlay-opacity":"","overlay-gradient":""},"mobile":{"background-color":"var(--ast-global-color-4)","background-image":"","background-repeat":"repeat","background-position":"center center","background-size":"auto","background-attachment":"scroll","background-type":"","background-media":"","overlay-type":"","overlay-color":"","overlay-opacity":"","overlay-gradient":""}},"footnotes":""},"class_list":["post-4965","page","type-page","status-publish","has-post-thumbnail","hentry"],"rttpg_featured_image_url":{"full":["https:\/\/ccoo2-upv.webs.upv.es\/wp-content\/uploads\/2024\/10\/cd0d26950eabfd1c43fa2c81b3dcc3200000631.jpg",1200,800,false],"landscape":["https:\/\/ccoo2-upv.webs.upv.es\/wp-content\/uploads\/2024\/10\/cd0d26950eabfd1c43fa2c81b3dcc3200000631.jpg",1200,800,false],"portraits":["https:\/\/ccoo2-upv.webs.upv.es\/wp-content\/uploads\/2024\/10\/cd0d26950eabfd1c43fa2c81b3dcc3200000631.jpg",1200,800,false],"thumbnail":["https:\/\/ccoo2-upv.webs.upv.es\/wp-content\/uploads\/2024\/10\/cd0d26950eabfd1c43fa2c81b3dcc3200000631-150x150.jpg",150,150,true],"medium":["https:\/\/ccoo2-upv.webs.upv.es\/wp-content\/uploads\/2024\/10\/cd0d26950eabfd1c43fa2c81b3dcc3200000631-300x200.jpg",300,200,true],"large":["https:\/\/ccoo2-upv.webs.upv.es\/wp-content\/uploads\/2024\/10\/cd0d26950eabfd1c43fa2c81b3dcc3200000631-1024x683.jpg",1024,683,true],"1536x1536":["https:\/\/ccoo2-upv.webs.upv.es\/wp-content\/uploads\/2024\/10\/cd0d26950eabfd1c43fa2c81b3dcc3200000631.jpg",1200,800,false],"2048x2048":["https:\/\/ccoo2-upv.webs.upv.es\/wp-content\/uploads\/2024\/10\/cd0d26950eabfd1c43fa2c81b3dcc3200000631.jpg",1200,800,false]},"rttpg_author":{"display_name":"Alonso Perez","author_link":"https:\/\/ccoo2-upv.webs.upv.es\/?author=5"},"rttpg_comment":0,"rttpg_category":null,"rttpg_excerpt":"El Suprem estima la demanda de CCOO i declara indegut descomptar del salari la quota patronal &nbsp; Primera sent\u00e8ncia del [&hellip;]","_links":{"self":[{"href":"https:\/\/ccoo2-upv.webs.upv.es\/index.php?rest_route=\/wp\/v2\/pages\/4965","targetHints":{"allow":["GET"]}}],"collection":[{"href":"https:\/\/ccoo2-upv.webs.upv.es\/index.php?rest_route=\/wp\/v2\/pages"}],"about":[{"href":"https:\/\/ccoo2-upv.webs.upv.es\/index.php?rest_route=\/wp\/v2\/types\/page"}],"author":[{"embeddable":true,"href":"https:\/\/ccoo2-upv.webs.upv.es\/index.php?rest_route=\/wp\/v2\/users\/5"}],"replies":[{"embeddable":true,"href":"https:\/\/ccoo2-upv.webs.upv.es\/index.php?rest_route=%2Fwp%2Fv2%2Fcomments&post=4965"}],"version-history":[{"count":0,"href":"https:\/\/ccoo2-upv.webs.upv.es\/index.php?rest_route=\/wp\/v2\/pages\/4965\/revisions"}],"wp:featuredmedia":[{"embeddable":true,"href":"https:\/\/ccoo2-upv.webs.upv.es\/index.php?rest_route=\/wp\/v2\/media\/4966"}],"wp:attachment":[{"href":"https:\/\/ccoo2-upv.webs.upv.es\/index.php?rest_route=%2Fwp%2Fv2%2Fmedia&parent=4965"}],"curies":[{"name":"wp","href":"https:\/\/api.w.org\/{rel}","templated":true}]}}