{"id":5363,"date":"2025-08-28T16:40:58","date_gmt":"2025-08-28T14:40:58","guid":{"rendered":"https:\/\/ccoo2-upv.webs.upv.es\/?page_id=5363"},"modified":"2025-08-29T08:12:14","modified_gmt":"2025-08-29T06:12:14","slug":"elementor-5363","status":"publish","type":"page","link":"https:\/\/ccoo2-upv.webs.upv.es\/?page_id=5363","title":{"rendered":"Evacuaci\u00f3 dels edificis UPV en situacions d&#8217;emerg\u00e8ncia"},"content":{"rendered":"<h3>INFOCCOO Evacuaci\u00f3 dels edificis UPV en situacions d&#8217;emerg\u00e8ncia<\/h3>\n<p>Des de\u00a0<strong>CCOO<\/strong>\u00a0us recordem quines s\u00f3n les pautes i normes generals per a dur a terme l\u2019evacuaci\u00f3 d\u2019edificis dels diferents Campus de la UPV.<\/p>\n<p><strong>Recomanacions pr\u00e8vies:<\/strong><\/p>\n<ol>\n<li>Familiaritzar-vos amb l\u2019edifici en qu\u00e8 exerciu les vostres tasques, i localitzar les vies d\u2019evacuaci\u00f3 i eixides de l\u2019edifici.<\/li>\n<li>Si observ\u00e0reu alguna via d\u2019evacuaci\u00f3 o eixida d\u2019emerg\u00e8ncia obstaculitzada o indegudament tancada, posar-ho immediatament en coneixement de la direcci\u00f3 del centre.<\/li>\n<li>Incorporeu les extensions i n\u00fameros de tel\u00e8fon d\u2019emerg\u00e8ncies en el vostre tel\u00e8fon m\u00f2bil, que depenent del Campus en el qual us trobeu seran:<\/li>\n<\/ol>\n<ul>\n<li>Vera:\u00a0<strong>78888<\/strong>\u2013 18888- 900 924 888<\/li>\n<li>Gandia:\u00a0<strong>48888<\/strong>\u2013 900 924 888<\/li>\n<li>Alcoi:\u00a0<strong>12888<\/strong>\u2013 900 924 888<\/li>\n<\/ul>\n<ol start=\"4\">\n<li>Si s\u2019inicia un incendi o detectes una emerg\u00e8ncia, COMUNICA la situaci\u00f3 com m\u00e9s de pressa millor als n\u00fameros indicats, acciona els polsadors d\u2019alarma i actua si est\u00e0s capacitat per a aix\u00f2.<\/li>\n<li>Si sona una alarma, MAI dones per descomptat que \u00e9s un simulacre o una falsa alarma. Evacua el teu lloc i deixa el que estigues fent.<\/li>\n<\/ol>\n<p><strong>Pautes generals, durant l\u2019evacuaci\u00f3 de l\u2019edifici:<\/strong><\/p>\n<ul>\n<li>En abandonar el teu lloc, comprova que no queda ning\u00fa arrere i tanca les portes.<\/li>\n<li>No crides, no c\u00f3rregues, intenta mantindre\u2019t en calma. Transmet tranquil\u00b7litat i tranquil\u00b7litza a les persones durant l\u2019evacuaci\u00f3.<\/li>\n<li>No permetes que ning\u00fa torne a la zona afectada per l\u2019emerg\u00e8ncia.<\/li>\n<li>MAI utilitzes els ascensors. Tracta d\u2019IMPEDIR el seu \u00fas per part de tercers.<\/li>\n<li>Si calguera obrir una porta, primer toca-la i si notes que est\u00e0 molt calenta NO L\u2019\u00d2BRIGUES.<\/li>\n<li>Col\u00b7labora activament en l\u2019evacuaci\u00f3 de persones amb problemes de mobilitat o amb capacitats sensorials (exemple: vista, o\u00efda) notablement disminu\u00efdes.<\/li>\n<\/ul>\n<p>Per a m\u00e9s informaci\u00f3 consulta en la web del Servei Integrat de Prevenci\u00f3 i Salut Laboral de la UPV:\u00a0<a href=\"https:\/\/www.sprl.upv.es\/pem2_b.htm\"><strong>punxa ac\u00ed<\/strong><\/a>.<\/p>\n<p><img fetchpriority=\"high\" decoding=\"async\" src=\"https:\/\/ccoo.upv.es\/wp-content\/uploads\/2025\/03\/Plans-de-emergencia-300x236.png\" sizes=\"(max-width: 272px) 100vw, 272px\" srcset=\"https:\/\/ccoo.upv.es\/wp-content\/uploads\/2025\/03\/Plans-de-emergencia-300x236.png 300w, https:\/\/ccoo.upv.es\/wp-content\/uploads\/2025\/03\/Plans-de-emergencia-768x604.png 768w, https:\/\/ccoo.upv.es\/wp-content\/uploads\/2025\/03\/Plans-de-emergencia.png 785w\" alt=\"\" width=\"272\" height=\"214\" \/><\/p>\n<p>Desde\u00a0<strong>CCOO<\/strong>\u00a0os recordamos cuales son las pautas y normas generales para llevar a cabo la evacuaci\u00f3n de edificios de los diferentes Campus de la UPV.<\/p>\n<p><strong>Recomendaciones previas:<\/strong><\/p>\n<ol>\n<li>Familiarizaros con el edificio en que desempe\u00f1\u00e1is vuestras tareas, y localizar las v\u00edas de evacuaci\u00f3n y salidas del edificio.<\/li>\n<li>Si observaseis alguna v\u00eda de evacuaci\u00f3n o salida de emergencia obstaculizada o indebidamente cerrada, ponerlo inmediatamente en conocimiento de la direcci\u00f3n del centro.<\/li>\n<li>Incorporad las extensiones y n\u00fameros de tel\u00e9fono de emergencias en vuestro tel\u00e9fono m\u00f3vil, que dependiendo del Campus en el que os encontr\u00e9is ser\u00e1n:<\/li>\n<\/ol>\n<ul>\n<li>Vera:\u00a0<strong>78888<\/strong>\u2013 18888- 900 924 888<\/li>\n<li>Gand\u00eda:\u00a0<strong>48888<\/strong>\u2013 900 924 888<\/li>\n<li>Alcoy:\u00a0<strong>12888<\/strong>\u2013 900 924 888<\/li>\n<\/ul>\n<ol start=\"4\">\n<li>Si se inicia un incendio o detectas una emergencia, COMUNICA la situaci\u00f3n lo m\u00e1s r\u00e1pidamente posible a los n\u00fameros indicados, acciona los pulsadores de alarma y act\u00faa si est\u00e1s capacitado para ello.<\/li>\n<li>Si suena una alarma, NUNCA des por sentado que es un simulacro o una falsa alarma. Evacua tu puesto y deja lo que est\u00e9s haciendo.<\/li>\n<\/ol>\n<p><strong>Pautas generales, durante la evacuaci\u00f3n del edificio:<\/strong><\/p>\n<ul>\n<li>Al abandonar tu puesto, comprueba que no queda nadie atr\u00e1s y cierra las puertas.<\/li>\n<li>No grites, no corras, intenta mantenerte en calma. Transmite tranquilidad y tranquiliza a las personas durante la evacuaci\u00f3n.<\/li>\n<li>No permitas que nadie vuelva a la zona afectada por la emergencia.<\/li>\n<li>JAM\u00c1S utilices los ascensores. Trata de IMPEDIR su uso por parte de terceros.<\/li>\n<li>Si fuese preciso abrir una puerta, primero t\u00f3cala y si notas que est\u00e1 muy caliente NO LA ABRAS.<\/li>\n<li>Colabora activamente en la evacuaci\u00f3n de personas con problemas de movilidad o con capacidades sensoriales (ejemplo: vista, o\u00eddo) notablemente disminuidas.<\/li>\n<\/ul>\n<p>Para m\u00e1s informaci\u00f3n consulta en la web del Servicio Integrado de Prevenci\u00f3n y Salud Laboral de la UPV:\u00a0<a href=\"https:\/\/www.sprl.upv.es\/pem2_b.htm\"><strong>pincha aqu\u00ed<\/strong><\/a><strong>.<\/strong><\/p>\n","protected":false},"excerpt":{"rendered":"<p>INFOCCOO Evacuaci\u00f3 dels edificis UPV en situacions d&#8217;emerg\u00e8ncia Des de\u00a0CCOO\u00a0us recordem quines s\u00f3n les pautes i normes generals per a [&hellip;]<\/p>\n","protected":false},"author":2,"featured_media":0,"parent":0,"menu_order":0,"comment_status":"closed","ping_status":"closed","template":"","meta":{"site-sidebar-layout":"no-sidebar","site-content-layout":"","ast-site-content-layout":"full-width-container","site-content-style":"default","site-sidebar-style":"default","ast-global-header-display":"","ast-banner-title-visibility":"","ast-main-header-display":"","ast-hfb-above-header-display":"","ast-hfb-below-header-display":"","ast-hfb-mobile-header-display":"","site-post-title":"disabled","ast-breadcrumbs-content":"","ast-featured-img":"disabled","footer-sml-layout":"","theme-transparent-header-meta":"","adv-header-id-meta":"","stick-header-meta":"","header-above-stick-meta":"","header-main-stick-meta":"","header-below-stick-meta":"","astra-migrate-meta-layouts":"default","ast-page-background-enabled":"default","ast-page-background-meta":{"desktop":{"background-color":"var(--ast-global-color-5)","background-image":"","background-repeat":"repeat","background-position":"center center","background-size":"auto","background-attachment":"scroll","background-type":"","background-media":"","overlay-type":"","overlay-color":"","overlay-opacity":"","overlay-gradient":""},"tablet":{"background-color":"","background-image":"","background-repeat":"repeat","background-position":"center center","background-size":"auto","background-attachment":"scroll","background-type":"","background-media":"","overlay-type":"","overlay-color":"","overlay-opacity":"","overlay-gradient":""},"mobile":{"background-color":"","background-image":"","background-repeat":"repeat","background-position":"center center","background-size":"auto","background-attachment":"scroll","background-type":"","background-media":"","overlay-type":"","overlay-color":"","overlay-opacity":"","overlay-gradient":""}},"ast-content-background-meta":{"desktop":{"background-color":"var(--ast-global-color-4)","background-image":"","background-repeat":"repeat","background-position":"center center","background-size":"auto","background-attachment":"scroll","background-type":"","background-media":"","overlay-type":"","overlay-color":"","overlay-opacity":"","overlay-gradient":""},"tablet":{"background-color":"var(--ast-global-color-4)","background-image":"","background-repeat":"repeat","background-position":"center center","background-size":"auto","background-attachment":"scroll","background-type":"","background-media":"","overlay-type":"","overlay-color":"","overlay-opacity":"","overlay-gradient":""},"mobile":{"background-color":"var(--ast-global-color-4)","background-image":"","background-repeat":"repeat","background-position":"center center","background-size":"auto","background-attachment":"scroll","background-type":"","background-media":"","overlay-type":"","overlay-color":"","overlay-opacity":"","overlay-gradient":""}},"footnotes":""},"class_list":["post-5363","page","type-page","status-publish","hentry"],"rttpg_featured_image_url":null,"rttpg_author":{"display_name":"jose marin","author_link":"https:\/\/ccoo2-upv.webs.upv.es\/?author=2"},"rttpg_comment":0,"rttpg_category":null,"rttpg_excerpt":"INFOCCOO Evacuaci\u00f3 dels edificis UPV en situacions d&#8217;emerg\u00e8ncia Des de\u00a0CCOO\u00a0us recordem quines s\u00f3n les pautes i normes generals per a [&hellip;]","_links":{"self":[{"href":"https:\/\/ccoo2-upv.webs.upv.es\/index.php?rest_route=\/wp\/v2\/pages\/5363","targetHints":{"allow":["GET"]}}],"collection":[{"href":"https:\/\/ccoo2-upv.webs.upv.es\/index.php?rest_route=\/wp\/v2\/pages"}],"about":[{"href":"https:\/\/ccoo2-upv.webs.upv.es\/index.php?rest_route=\/wp\/v2\/types\/page"}],"author":[{"embeddable":true,"href":"https:\/\/ccoo2-upv.webs.upv.es\/index.php?rest_route=\/wp\/v2\/users\/2"}],"replies":[{"embeddable":true,"href":"https:\/\/ccoo2-upv.webs.upv.es\/index.php?rest_route=%2Fwp%2Fv2%2Fcomments&post=5363"}],"version-history":[{"count":6,"href":"https:\/\/ccoo2-upv.webs.upv.es\/index.php?rest_route=\/wp\/v2\/pages\/5363\/revisions"}],"predecessor-version":[{"id":5404,"href":"https:\/\/ccoo2-upv.webs.upv.es\/index.php?rest_route=\/wp\/v2\/pages\/5363\/revisions\/5404"}],"wp:attachment":[{"href":"https:\/\/ccoo2-upv.webs.upv.es\/index.php?rest_route=%2Fwp%2Fv2%2Fmedia&parent=5363"}],"curies":[{"name":"wp","href":"https:\/\/api.w.org\/{rel}","templated":true}]}}